{"id":1604,"date":"2025-11-10T14:16:37","date_gmt":"2025-11-10T14:16:37","guid":{"rendered":"https:\/\/www.pethaus.fi\/?page_id=1604"},"modified":"2025-11-10T14:16:38","modified_gmt":"2025-11-10T14:16:38","slug":"22-11-juh-juh-masters-of-the-overlords-tv-kaksonen","status":"publish","type":"page","link":"https:\/\/www.pethaus.fi\/?page_id=1604","title":{"rendered":"22.11. Juh Juh, Masters Of The Overlords, TV Kaksonen"},"content":{"rendered":"\n<figure class=\"wp-block-image size-large\"><img fetchpriority=\"high\" decoding=\"async\" width=\"1024\" height=\"576\" src=\"https:\/\/www.pethaus.fi\/wp-content\/uploads\/2025\/11\/juhjuh-1024x576.jpg\" alt=\"\" class=\"wp-image-1605\" srcset=\"https:\/\/www.pethaus.fi\/wp-content\/uploads\/2025\/11\/juhjuh-1024x576.jpg 1024w, https:\/\/www.pethaus.fi\/wp-content\/uploads\/2025\/11\/juhjuh-300x169.jpg 300w, https:\/\/www.pethaus.fi\/wp-content\/uploads\/2025\/11\/juhjuh-768x432.jpg 768w, https:\/\/www.pethaus.fi\/wp-content\/uploads\/2025\/11\/juhjuh-1536x864.jpg 1536w, https:\/\/www.pethaus.fi\/wp-content\/uploads\/2025\/11\/juhjuh.jpg 2048w\" sizes=\"(max-width: 1024px) 100vw, 1024px\" \/><\/figure>\n\n\n\n<p>Homman nimih\u00e4n on se, ett\u00e4 illan artisteilla on sek\u00e4 muikeat nimet ett\u00e4 hyv\u00e4t musat. Yhden hengen live dubia ei usein n\u00e4e. Tiedossa on my\u00f6s vastustamattomasti l\u00e4ss\u00e4ht\u00e4nytt\u00e4 konemusaa ja sekoilua kaksostiell\u00e4.<br>Juuh! Tervetuloa!<\/p>\n\n\n\n<p>Soitot alkaen klo 19<br>Vapaa p\u00e4\u00e4sy \/ vapaaehtoinen kolehti 5-15 \u20ac<\/p>\n\n\n\n<p><strong>JUH JUH<\/strong><\/p>\n\n\n\n<p>Juh Juh on monesta rytmimusiikillisesta yhteydest\u00e4 tutun Juha Sarkkolan dubautteleva alias. Juh Juh tekee musaansa olohuoneessa kasettineliraiturilla ja elektronisilla laiteilla. H\u00e4n on viimein uskaltautunut ilmaisemaan oman versionsa yli 20 vuotta rakastamastaan musiikkityylist\u00e4 dub reggaesta ja julkaisee ensi vuonna debyytti LP:ns\u00e4.<br>Kaikua ja letke\u00e4\u00e4 rytmi\u00e4, livemiksausta ja syv\u00e4\u00e4 bassoa!<\/p>\n\n\n\n<p><strong>MASTERS OF THE OVERLORDS<\/strong><\/p>\n\n\n\n<p>Masters Of The Overlords soittaa elektronista &#8221;weird housea&#8221;, josta mahtipontisena v\u00e4r\u00e4j\u00e4v\u00e4 demonisuus pullottaa kuin kieli puujalkakoomikon poskesta.<br>&#8221;B\u00e4ndin&#8221; ainoa &#8221;soittaja&#8221; Maria on toiminut musiikin parissa pitk\u00e4\u00e4n DJ Megatronin hahmossa. Nyt esitett\u00e4v\u00e4\u00e4n repertoaariin kuuluu omien Taiteellisempien Teosten lis\u00e4ksi my\u00f6s liven\u00e4 esitetysti DJ Megatronin keikkojen mausteeksi tehtyj\u00e4 edittej\u00e4 1900-luvun suosikkikappaleista.<\/p>\n\n\n\n<p><strong>TV-KAKSONEN PLAYS &#8221;PILOS &amp; KERYKEION&#8221;<\/strong><\/p>\n\n\n\n<p>TV-Kaksonen matkustaa Pethausiin jumalten ja Pispalan valtatiet\u00e4, joka kulkee Kreikasta Roomaan. &#8221;Pilos &amp; kerykeion&#8221; on vavisuttava esitys Touko Santamaan (rummut) ja Vesa Vatasen (kitara\/syntetisaattori) ehtym\u00e4tt\u00f6m\u00e4st\u00e4 kavalkadista.<\/p>\n\n\n\n<p>Soitot alkaen 19.00.<br>omavalintainen p\u00e4\u00e4symaksu (toive\/suositus 5-15\u20ac) kolehtiin.<br>mobilepay\/k\u00e4teinen.<br>Tervetuloa!!!&nbsp;<\/p>\n","protected":false},"excerpt":{"rendered":"<p>Homman nimih\u00e4n on se, ett\u00e4 illan artisteilla on sek\u00e4 muikeat nimet ett\u00e4 hyv\u00e4t musat. Yhden hengen live dubia ei usein n\u00e4e. Tiedossa on my\u00f6s vastustamattomasti l\u00e4ss\u00e4ht\u00e4nytt\u00e4 konemusaa ja sekoilua kaksostiell\u00e4.Juuh! Tervetuloa! Soitot alkaen klo 19Vapaa p\u00e4\u00e4sy \/ vapaaehtoinen kolehti 5-15 \u20ac JUH JUH Juh Juh on monesta rytmimusiikillisesta yhteydest\u00e4 tutun Juha Sarkkolan dubautteleva alias. Juh &#8230; <a title=\"22.11. Juh Juh, Masters Of The Overlords, TV Kaksonen\" class=\"read-more\" href=\"https:\/\/www.pethaus.fi\/?page_id=1604\">Read more<span class=\"screen-reader-text\">22.11. Juh Juh, Masters Of The Overlords, TV Kaksonen<\/span><\/a><\/p>\n","protected":false},"author":1,"featured_media":0,"parent":0,"menu_order":0,"comment_status":"closed","ping_status":"closed","template":"","meta":{"footnotes":""},"class_list":["post-1604","page","type-page","status-publish"],"yoast_head":"<!-- This site is optimized with the Yoast SEO plugin v27.4 - https:\/\/yoast.com\/product\/yoast-seo-wordpress\/ -->\n<title>22.11. Juh Juh, Masters Of The Overlords, TV Kaksonen - Pethaus<\/title>\n<meta name=\"robots\" content=\"noindex, follow\" \/>\n<meta property=\"og:locale\" content=\"fi_FI\" \/>\n<meta property=\"og:type\" content=\"article\" \/>\n<meta property=\"og:title\" content=\"22.11. Juh Juh, Masters Of The Overlords, TV Kaksonen - Pethaus\" \/>\n<meta property=\"og:description\" content=\"Homman nimih\u00e4n on se, ett\u00e4 illan artisteilla on sek\u00e4 muikeat nimet ett\u00e4 hyv\u00e4t musat. Yhden hengen live dubia ei usein n\u00e4e. Tiedossa on my\u00f6s vastustamattomasti l\u00e4ss\u00e4ht\u00e4nytt\u00e4 konemusaa ja sekoilua kaksostiell\u00e4.Juuh! Tervetuloa! Soitot alkaen klo 19Vapaa p\u00e4\u00e4sy \/ vapaaehtoinen kolehti 5-15 \u20ac JUH JUH Juh Juh on monesta rytmimusiikillisesta yhteydest\u00e4 tutun Juha Sarkkolan dubautteleva alias. Juh ... Read more22.11. Juh Juh, Masters Of The Overlords, TV Kaksonen\" \/>\n<meta property=\"og:url\" content=\"https:\/\/www.pethaus.fi\/?page_id=1604\" \/>\n<meta property=\"og:site_name\" content=\"Pethaus\" \/>\n<meta property=\"article:publisher\" content=\"https:\/\/www.facebook.com\/p\/Pethaus-Ry-100091916868701\/\" \/>\n<meta property=\"article:modified_time\" content=\"2025-11-10T14:16:38+00:00\" \/>\n<meta property=\"og:image\" content=\"https:\/\/www.pethaus.fi\/wp-content\/uploads\/2025\/11\/juhjuh.jpg\" \/>\n\t<meta property=\"og:image:width\" content=\"2048\" \/>\n\t<meta property=\"og:image:height\" content=\"1152\" \/>\n\t<meta property=\"og:image:type\" content=\"image\/jpeg\" \/>\n<meta name=\"twitter:card\" content=\"summary_large_image\" \/>\n<meta name=\"twitter:label1\" content=\"Arvioitu lukuaika\" \/>\n\t<meta name=\"twitter:data1\" content=\"2 minuuttia\" \/>\n<script type=\"application\/ld+json\" class=\"yoast-schema-graph\">{\"@context\":\"https:\\\/\\\/schema.org\",\"@graph\":[{\"@type\":\"WebPage\",\"@id\":\"https:\\\/\\\/www.pethaus.fi\\\/?page_id=1604\",\"url\":\"https:\\\/\\\/www.pethaus.fi\\\/?page_id=1604\",\"name\":\"22.11. Juh Juh, Masters Of The Overlords, TV Kaksonen - Pethaus\",\"isPartOf\":{\"@id\":\"https:\\\/\\\/www.pethaus.fi\\\/#website\"},\"primaryImageOfPage\":{\"@id\":\"https:\\\/\\\/www.pethaus.fi\\\/?page_id=1604#primaryimage\"},\"image\":{\"@id\":\"https:\\\/\\\/www.pethaus.fi\\\/?page_id=1604#primaryimage\"},\"thumbnailUrl\":\"https:\\\/\\\/www.pethaus.fi\\\/wp-content\\\/uploads\\\/2025\\\/11\\\/juhjuh-1024x576.jpg\",\"datePublished\":\"2025-11-10T14:16:37+00:00\",\"dateModified\":\"2025-11-10T14:16:38+00:00\",\"breadcrumb\":{\"@id\":\"https:\\\/\\\/www.pethaus.fi\\\/?page_id=1604#breadcrumb\"},\"inLanguage\":\"fi\",\"potentialAction\":[{\"@type\":\"ReadAction\",\"target\":[\"https:\\\/\\\/www.pethaus.fi\\\/?page_id=1604\"]}]},{\"@type\":\"ImageObject\",\"inLanguage\":\"fi\",\"@id\":\"https:\\\/\\\/www.pethaus.fi\\\/?page_id=1604#primaryimage\",\"url\":\"https:\\\/\\\/www.pethaus.fi\\\/wp-content\\\/uploads\\\/2025\\\/11\\\/juhjuh.jpg\",\"contentUrl\":\"https:\\\/\\\/www.pethaus.fi\\\/wp-content\\\/uploads\\\/2025\\\/11\\\/juhjuh.jpg\",\"width\":2048,\"height\":1152},{\"@type\":\"BreadcrumbList\",\"@id\":\"https:\\\/\\\/www.pethaus.fi\\\/?page_id=1604#breadcrumb\",\"itemListElement\":[{\"@type\":\"ListItem\",\"position\":1,\"name\":\"Etusivu\",\"item\":\"https:\\\/\\\/www.pethaus.fi\\\/\"},{\"@type\":\"ListItem\",\"position\":2,\"name\":\"22.11. Juh Juh, Masters Of The Overlords, TV Kaksonen\"}]},{\"@type\":\"WebSite\",\"@id\":\"https:\\\/\\\/www.pethaus.fi\\\/#website\",\"url\":\"https:\\\/\\\/www.pethaus.fi\\\/\",\"name\":\"Pethaus\",\"description\":\"Tamperelainen matalan kynnyksen kulttuuritila.\",\"publisher\":{\"@id\":\"https:\\\/\\\/www.pethaus.fi\\\/#organization\"},\"alternateName\":\"Tamperelainen matalan kynnyksen kulttuuritila.\",\"potentialAction\":[{\"@type\":\"SearchAction\",\"target\":{\"@type\":\"EntryPoint\",\"urlTemplate\":\"https:\\\/\\\/www.pethaus.fi\\\/?s={search_term_string}\"},\"query-input\":{\"@type\":\"PropertyValueSpecification\",\"valueRequired\":true,\"valueName\":\"search_term_string\"}}],\"inLanguage\":\"fi\"},{\"@type\":\"Organization\",\"@id\":\"https:\\\/\\\/www.pethaus.fi\\\/#organization\",\"name\":\"Pethaus\",\"url\":\"https:\\\/\\\/www.pethaus.fi\\\/\",\"logo\":{\"@type\":\"ImageObject\",\"inLanguage\":\"fi\",\"@id\":\"https:\\\/\\\/www.pethaus.fi\\\/#\\\/schema\\\/logo\\\/image\\\/\",\"url\":\"https:\\\/\\\/www.pethaus.fi\\\/wp-content\\\/uploads\\\/2024\\\/04\\\/cropped-pethaus-logo.jpg\",\"contentUrl\":\"https:\\\/\\\/www.pethaus.fi\\\/wp-content\\\/uploads\\\/2024\\\/04\\\/cropped-pethaus-logo.jpg\",\"width\":512,\"height\":512,\"caption\":\"Pethaus\"},\"image\":{\"@id\":\"https:\\\/\\\/www.pethaus.fi\\\/#\\\/schema\\\/logo\\\/image\\\/\"},\"sameAs\":[\"https:\\\/\\\/www.facebook.com\\\/p\\\/Pethaus-Ry-100091916868701\\\/\",\"https:\\\/\\\/www.instagram.com\\\/pethaus_ry\\\/?hl=fi\"]}]}<\/script>\n<!-- \/ Yoast SEO plugin. -->","yoast_head_json":{"title":"22.11. Juh Juh, Masters Of The Overlords, TV Kaksonen - Pethaus","robots":{"index":"noindex","follow":"follow"},"og_locale":"fi_FI","og_type":"article","og_title":"22.11. Juh Juh, Masters Of The Overlords, TV Kaksonen - Pethaus","og_description":"Homman nimih\u00e4n on se, ett\u00e4 illan artisteilla on sek\u00e4 muikeat nimet ett\u00e4 hyv\u00e4t musat. Yhden hengen live dubia ei usein n\u00e4e. Tiedossa on my\u00f6s vastustamattomasti l\u00e4ss\u00e4ht\u00e4nytt\u00e4 konemusaa ja sekoilua kaksostiell\u00e4.Juuh! Tervetuloa! Soitot alkaen klo 19Vapaa p\u00e4\u00e4sy \/ vapaaehtoinen kolehti 5-15 \u20ac JUH JUH Juh Juh on monesta rytmimusiikillisesta yhteydest\u00e4 tutun Juha Sarkkolan dubautteleva alias. Juh ... Read more22.11. Juh Juh, Masters Of The Overlords, TV Kaksonen","og_url":"https:\/\/www.pethaus.fi\/?page_id=1604","og_site_name":"Pethaus","article_publisher":"https:\/\/www.facebook.com\/p\/Pethaus-Ry-100091916868701\/","article_modified_time":"2025-11-10T14:16:38+00:00","og_image":[{"width":2048,"height":1152,"url":"https:\/\/www.pethaus.fi\/wp-content\/uploads\/2025\/11\/juhjuh.jpg","type":"image\/jpeg"}],"twitter_card":"summary_large_image","twitter_misc":{"Arvioitu lukuaika":"2 minuuttia"},"schema":{"@context":"https:\/\/schema.org","@graph":[{"@type":"WebPage","@id":"https:\/\/www.pethaus.fi\/?page_id=1604","url":"https:\/\/www.pethaus.fi\/?page_id=1604","name":"22.11. Juh Juh, Masters Of The Overlords, TV Kaksonen - Pethaus","isPartOf":{"@id":"https:\/\/www.pethaus.fi\/#website"},"primaryImageOfPage":{"@id":"https:\/\/www.pethaus.fi\/?page_id=1604#primaryimage"},"image":{"@id":"https:\/\/www.pethaus.fi\/?page_id=1604#primaryimage"},"thumbnailUrl":"https:\/\/www.pethaus.fi\/wp-content\/uploads\/2025\/11\/juhjuh-1024x576.jpg","datePublished":"2025-11-10T14:16:37+00:00","dateModified":"2025-11-10T14:16:38+00:00","breadcrumb":{"@id":"https:\/\/www.pethaus.fi\/?page_id=1604#breadcrumb"},"inLanguage":"fi","potentialAction":[{"@type":"ReadAction","target":["https:\/\/www.pethaus.fi\/?page_id=1604"]}]},{"@type":"ImageObject","inLanguage":"fi","@id":"https:\/\/www.pethaus.fi\/?page_id=1604#primaryimage","url":"https:\/\/www.pethaus.fi\/wp-content\/uploads\/2025\/11\/juhjuh.jpg","contentUrl":"https:\/\/www.pethaus.fi\/wp-content\/uploads\/2025\/11\/juhjuh.jpg","width":2048,"height":1152},{"@type":"BreadcrumbList","@id":"https:\/\/www.pethaus.fi\/?page_id=1604#breadcrumb","itemListElement":[{"@type":"ListItem","position":1,"name":"Etusivu","item":"https:\/\/www.pethaus.fi\/"},{"@type":"ListItem","position":2,"name":"22.11. Juh Juh, Masters Of The Overlords, TV Kaksonen"}]},{"@type":"WebSite","@id":"https:\/\/www.pethaus.fi\/#website","url":"https:\/\/www.pethaus.fi\/","name":"Pethaus","description":"Tamperelainen matalan kynnyksen kulttuuritila.","publisher":{"@id":"https:\/\/www.pethaus.fi\/#organization"},"alternateName":"Tamperelainen matalan kynnyksen kulttuuritila.","potentialAction":[{"@type":"SearchAction","target":{"@type":"EntryPoint","urlTemplate":"https:\/\/www.pethaus.fi\/?s={search_term_string}"},"query-input":{"@type":"PropertyValueSpecification","valueRequired":true,"valueName":"search_term_string"}}],"inLanguage":"fi"},{"@type":"Organization","@id":"https:\/\/www.pethaus.fi\/#organization","name":"Pethaus","url":"https:\/\/www.pethaus.fi\/","logo":{"@type":"ImageObject","inLanguage":"fi","@id":"https:\/\/www.pethaus.fi\/#\/schema\/logo\/image\/","url":"https:\/\/www.pethaus.fi\/wp-content\/uploads\/2024\/04\/cropped-pethaus-logo.jpg","contentUrl":"https:\/\/www.pethaus.fi\/wp-content\/uploads\/2024\/04\/cropped-pethaus-logo.jpg","width":512,"height":512,"caption":"Pethaus"},"image":{"@id":"https:\/\/www.pethaus.fi\/#\/schema\/logo\/image\/"},"sameAs":["https:\/\/www.facebook.com\/p\/Pethaus-Ry-100091916868701\/","https:\/\/www.instagram.com\/pethaus_ry\/?hl=fi"]}]}},"jetpack_sharing_enabled":true,"_links":{"self":[{"href":"https:\/\/www.pethaus.fi\/index.php?rest_route=\/wp\/v2\/pages\/1604","targetHints":{"allow":["GET"]}}],"collection":[{"href":"https:\/\/www.pethaus.fi\/index.php?rest_route=\/wp\/v2\/pages"}],"about":[{"href":"https:\/\/www.pethaus.fi\/index.php?rest_route=\/wp\/v2\/types\/page"}],"author":[{"embeddable":true,"href":"https:\/\/www.pethaus.fi\/index.php?rest_route=\/wp\/v2\/users\/1"}],"replies":[{"embeddable":true,"href":"https:\/\/www.pethaus.fi\/index.php?rest_route=%2Fwp%2Fv2%2Fcomments&post=1604"}],"version-history":[{"count":1,"href":"https:\/\/www.pethaus.fi\/index.php?rest_route=\/wp\/v2\/pages\/1604\/revisions"}],"predecessor-version":[{"id":1606,"href":"https:\/\/www.pethaus.fi\/index.php?rest_route=\/wp\/v2\/pages\/1604\/revisions\/1606"}],"wp:attachment":[{"href":"https:\/\/www.pethaus.fi\/index.php?rest_route=%2Fwp%2Fv2%2Fmedia&parent=1604"}],"curies":[{"name":"wp","href":"https:\/\/api.w.org\/{rel}","templated":true}]}}