{"id":1799,"date":"2026-02-01T14:34:19","date_gmt":"2026-02-01T14:34:19","guid":{"rendered":"https:\/\/www.pethaus.fi\/?page_id=1799"},"modified":"2026-02-01T14:34:19","modified_gmt":"2026-02-01T14:34:19","slug":"13-2-la-murga-mytkeet-philip-holm","status":"publish","type":"page","link":"https:\/\/www.pethaus.fi\/?page_id=1799","title":{"rendered":"13.2. La Murga, MYTKEET, Philip Holm"},"content":{"rendered":"<div class=\"wp-block-image\">\n<figure class=\"aligncenter size-large\"><img fetchpriority=\"high\" decoding=\"async\" width=\"819\" height=\"1024\" src=\"https:\/\/www.pethaus.fi\/wp-content\/uploads\/2026\/02\/lamurga-819x1024.jpg\" alt=\"\" class=\"wp-image-1800\" srcset=\"https:\/\/www.pethaus.fi\/wp-content\/uploads\/2026\/02\/lamurga-819x1024.jpg 819w, https:\/\/www.pethaus.fi\/wp-content\/uploads\/2026\/02\/lamurga-240x300.jpg 240w, https:\/\/www.pethaus.fi\/wp-content\/uploads\/2026\/02\/lamurga-768x960.jpg 768w, https:\/\/www.pethaus.fi\/wp-content\/uploads\/2026\/02\/lamurga-1229x1536.jpg 1229w, https:\/\/www.pethaus.fi\/wp-content\/uploads\/2026\/02\/lamurga.jpg 1638w\" sizes=\"(max-width: 819px) 100vw, 819px\" \/><\/figure>\n<\/div>\n\n\n<p><strong>Soitot klo 19 alkaen<br>Vapaavalintainen p\u00e4\u00e4symaksu 5-15\u20ac<\/strong><\/p>\n\n\n\n<p><strong>LA MURGA<\/strong><\/p>\n\n\n\n<p>La Murga on viiden perkussionistin, kolmen puhallinsoittajan ja s\u00e4hk\u00f6basistin muodostama omintakeinen orkesteri, jonka musiikissa on vaikutteita mm. progesta, jazzista ja doomista. Improvisaatio ja polyrytmiikka ovat vahvasti mukana La Murgan soitossa, jonka on kuvattu olevan mm. &#8221;hyvinkin kohottavaa ja el\u00e4m\u00e4nlaatua parantavaa&#8221; sek\u00e4 \u201duudestisynnytt\u00e4v\u00e4\u00e4\u201d. Yhtye ty\u00f6st\u00e4\u00e4 parhaillaan kolmatta albumiaan ja Pethausin keikalla kuullaan b\u00e4ndin uusimpia tuotoksia.<\/p>\n\n\n\n<p><a href=\"https:\/\/www.facebook.com\/lamurgaband?__cft__[0]=AZbnEgMX9g4apK6Dt6PmOFDRYNjOknDKf2tcGxvxdvO6dzE9Mvtf0DQ6PqGqKhHRjDwY3bsdPpTrZq7vwuBHBZnyC81gDCo6FvPNYFzOyOPrmpqB0qiS5Ra1MwFlTIzG1G4E7hP55iezfqc4ZPfpHBQk&amp;__tn__=q\">https:\/\/www.facebook.com\/lamurgaband<\/a><br><a href=\"https:\/\/l.facebook.com\/l.php?u=https%3A%2F%2Fwww.instagram.com%2Flamurgaband%2F%3Ffbclid%3DIwZXh0bgNhZW0CMTAAYnJpZBEwd0FVcnpIN3VIRlRaNGZVRnNydGMGYXBwX2lkEDIyMjAzOTE3ODgyMDA4OTIAAR5nCpgEz0Y6ZAtQRQWl3X8Gt9bjdUAleIfIluzINrQPdT_hOyETuSbO8h07DA_aem_gos8Kkr_899Y7YhNWNNTXA&amp;h=AT2VpIMRxhod-4x6hpV_M7Fq9gkwrEGEg352skrCa4GZfC-ZdWUygz_4IlDf6TgaxgIvREefFN47AeEWza4JHisQt9FMceZcQcO_lmi_apvNk-3QoeV1E9u_TFA7QPBVvofc71Or97nqSdBd&amp;__tn__=q&amp;c[0]=AT30FkxYUAXcvXcxgbFK1jqa7gG22Np6EcNOfOPmQbvfJbfSsZXpIKBfWPr5dk0m3HqIs99fCd9eP0fD19ojaT2PaU0kmZhK8nCXLFalPG_NGa90KoBLJ5DgSm-ZNoY5UQHVOigrWL-hlbUxpoQbMSA7mlzhAYhEZFA\" rel=\"noreferrer noopener\" target=\"_blank\">https:\/\/www.instagram.com\/lamurgaband\/<\/a><br><a href=\"https:\/\/l.facebook.com\/l.php?u=https%3A%2F%2Flamurga.bandcamp.com%2F%3Ffbclid%3DIwZXh0bgNhZW0CMTAAYnJpZBEwd0FVcnpIN3VIRlRaNGZVRnNydGMGYXBwX2lkEDIyMjAzOTE3ODgyMDA4OTIAAR6kwVYE_hWzCpIWGDkyRJHD-CHW8_xRAU48OQIb9x2uCQiV_DnVh3rjnYIGQQ_aem_9OID65n790HEOuVgWllioA&amp;h=AT1REdn4SxE_77h_pZ0LPKLgn78Q27H-liwOVHwi0uF50ufI3zbveVS3Wf1JYEMZ8zRvk_EUGvVCYpOGvA2Lcut5YwgEMi7KmhvJUAR_TzHlqB-B6PD8BREsrpm77PnVFTPQeX5oJ4qWI-KA&amp;__tn__=q&amp;c[0]=AT30FkxYUAXcvXcxgbFK1jqa7gG22Np6EcNOfOPmQbvfJbfSsZXpIKBfWPr5dk0m3HqIs99fCd9eP0fD19ojaT2PaU0kmZhK8nCXLFalPG_NGa90KoBLJ5DgSm-ZNoY5UQHVOigrWL-hlbUxpoQbMSA7mlzhAYhEZFA\" rel=\"noreferrer noopener\" target=\"_blank\">https:\/\/lamurga.bandcamp.com\/<\/a><br><a href=\"https:\/\/www.youtube.com\/@lamurgaband?fbclid=IwZXh0bgNhZW0CMTAAYnJpZBEwd0FVcnpIN3VIRlRaNGZVRnNydGMGYXBwX2lkEDIyMjAzOTE3ODgyMDA4OTIAAR6DPxCIUV1r_VBQJte_g9x8bI--GgzcqbcqfunlhO6MszOJZ0gIZQ7lEMH9aw_aem_WPVlZHLcNXiP8UforCAzRQ\" rel=\"noreferrer noopener\" target=\"_blank\">https:\/\/www.youtube.com\/@lamurgaband<\/a><\/p>\n\n\n\n<p><strong>MYTKEET<\/strong><\/p>\n\n\n\n<p>MYTKEET! Eka keikka! Luulot pois! MYTKEET on tamperelainen kvartetti joka soittaa mekkalaa ja hiiviskely\u00e4. Auditiivinen t\u00e4htitaivas ja \u00e4\u00e4nten merten kuohu. Riepottelua ja huminaa. Lauluja nurkan takaa. Rauhaa, rakkautta ja natsit vittuun.<\/p>\n\n\n\n<p>Janni Rosell &#8211; bassoklarinetti<br>Jenni Isoaho &#8211; baritonisaksofoni<br>Eemeli Hakala &#8211; basso, laulu<br>Pauli Rauramo &#8211; rummut, laulu<\/p>\n\n\n\n<p><a href=\"https:\/\/www.instagram.com\/MYTKEET\">https:\/\/www.instagram.com\/MYTKEET<\/a><\/p>\n\n\n\n<p><strong>PHILIP HOLM<\/strong><\/p>\n\n\n\n<p>Philip Holm esiintyy soolona ompelukoneesta ja kirjoituskoneesta rakennetuilla soittimilla. R\u00e4\u00e4t\u00e4liiran ja qwerty-kanteleen musiikki liikkuu meditatiivisen ambientin ja noisen maisemissa. Holm on Helsingist\u00e4 kotoisin oleva muusikko, joka vaikuttaa muun muassa Barlast, Oiro Pena ja Buko Shane -yhtyeiss\u00e4. Vuonna 2023 h\u00e4n julkaisi r\u00e4\u00e4t\u00e4liiralla soitetun soololevyn.<\/p>\n\n\n\n<p>Philip Holm performs solo with instruments built out of an old sewing machine and a typewriter. The music played on the tailor&#8217;s fiddle and poet&#8217;s piano are moving in the borderlands of meditative ambient music and noise. Born and based in Helsinki, Holm plays in groups such as Barlast, Oiro Pena and Buko Shane. In 2023 he released his solo debut album with the tailor&#8217;s fiddle.<\/p>\n\n\n\n<p><a href=\"https:\/\/philipholm.fi\">https:\/\/philipholm.fi<\/a><\/p>\n","protected":false},"excerpt":{"rendered":"<p>Soitot klo 19 alkaenVapaavalintainen p\u00e4\u00e4symaksu 5-15\u20ac LA MURGA La Murga on viiden perkussionistin, kolmen puhallinsoittajan ja s\u00e4hk\u00f6basistin muodostama omintakeinen orkesteri, jonka musiikissa on vaikutteita mm. progesta, jazzista ja doomista. Improvisaatio ja polyrytmiikka ovat vahvasti mukana La Murgan soitossa, jonka on kuvattu olevan mm. &#8221;hyvinkin kohottavaa ja el\u00e4m\u00e4nlaatua parantavaa&#8221; sek\u00e4 \u201duudestisynnytt\u00e4v\u00e4\u00e4\u201d. Yhtye ty\u00f6st\u00e4\u00e4 parhaillaan kolmatta albumiaan &#8230; <a title=\"13.2. La Murga, MYTKEET, Philip Holm\" class=\"read-more\" href=\"https:\/\/www.pethaus.fi\/?page_id=1799\">Read more<span class=\"screen-reader-text\">13.2. La Murga, MYTKEET, Philip Holm<\/span><\/a><\/p>\n","protected":false},"author":1,"featured_media":0,"parent":0,"menu_order":0,"comment_status":"closed","ping_status":"closed","template":"","meta":{"footnotes":""},"class_list":["post-1799","page","type-page","status-publish"],"yoast_head":"<!-- This site is optimized with the Yoast SEO plugin v27.4 - https:\/\/yoast.com\/product\/yoast-seo-wordpress\/ -->\n<title>13.2. La Murga, MYTKEET, Philip Holm - Pethaus<\/title>\n<meta name=\"robots\" content=\"noindex, follow\" \/>\n<meta property=\"og:locale\" content=\"fi_FI\" \/>\n<meta property=\"og:type\" content=\"article\" \/>\n<meta property=\"og:title\" content=\"13.2. La Murga, MYTKEET, Philip Holm - Pethaus\" \/>\n<meta property=\"og:description\" content=\"Soitot klo 19 alkaenVapaavalintainen p\u00e4\u00e4symaksu 5-15\u20ac LA MURGA La Murga on viiden perkussionistin, kolmen puhallinsoittajan ja s\u00e4hk\u00f6basistin muodostama omintakeinen orkesteri, jonka musiikissa on vaikutteita mm. progesta, jazzista ja doomista. Improvisaatio ja polyrytmiikka ovat vahvasti mukana La Murgan soitossa, jonka on kuvattu olevan mm. &#8221;hyvinkin kohottavaa ja el\u00e4m\u00e4nlaatua parantavaa&#8221; sek\u00e4 \u201duudestisynnytt\u00e4v\u00e4\u00e4\u201d. Yhtye ty\u00f6st\u00e4\u00e4 parhaillaan kolmatta albumiaan ... Read more13.2. La Murga, MYTKEET, Philip Holm\" \/>\n<meta property=\"og:url\" content=\"https:\/\/www.pethaus.fi\/?page_id=1799\" \/>\n<meta property=\"og:site_name\" content=\"Pethaus\" \/>\n<meta property=\"article:publisher\" content=\"https:\/\/www.facebook.com\/p\/Pethaus-Ry-100091916868701\/\" \/>\n<meta property=\"og:image\" content=\"https:\/\/www.pethaus.fi\/wp-content\/uploads\/2026\/02\/lamurga.jpg\" \/>\n\t<meta property=\"og:image:width\" content=\"1638\" \/>\n\t<meta property=\"og:image:height\" content=\"2048\" \/>\n\t<meta property=\"og:image:type\" content=\"image\/jpeg\" \/>\n<meta name=\"twitter:card\" content=\"summary_large_image\" \/>\n<meta name=\"twitter:label1\" content=\"Arvioitu lukuaika\" \/>\n\t<meta name=\"twitter:data1\" content=\"2 minuuttia\" \/>\n<script type=\"application\/ld+json\" class=\"yoast-schema-graph\">{\"@context\":\"https:\\\/\\\/schema.org\",\"@graph\":[{\"@type\":\"WebPage\",\"@id\":\"https:\\\/\\\/www.pethaus.fi\\\/?page_id=1799\",\"url\":\"https:\\\/\\\/www.pethaus.fi\\\/?page_id=1799\",\"name\":\"13.2. La Murga, MYTKEET, Philip Holm - Pethaus\",\"isPartOf\":{\"@id\":\"https:\\\/\\\/www.pethaus.fi\\\/#website\"},\"primaryImageOfPage\":{\"@id\":\"https:\\\/\\\/www.pethaus.fi\\\/?page_id=1799#primaryimage\"},\"image\":{\"@id\":\"https:\\\/\\\/www.pethaus.fi\\\/?page_id=1799#primaryimage\"},\"thumbnailUrl\":\"https:\\\/\\\/www.pethaus.fi\\\/wp-content\\\/uploads\\\/2026\\\/02\\\/lamurga-819x1024.jpg\",\"datePublished\":\"2026-02-01T14:34:19+00:00\",\"breadcrumb\":{\"@id\":\"https:\\\/\\\/www.pethaus.fi\\\/?page_id=1799#breadcrumb\"},\"inLanguage\":\"fi\",\"potentialAction\":[{\"@type\":\"ReadAction\",\"target\":[\"https:\\\/\\\/www.pethaus.fi\\\/?page_id=1799\"]}]},{\"@type\":\"ImageObject\",\"inLanguage\":\"fi\",\"@id\":\"https:\\\/\\\/www.pethaus.fi\\\/?page_id=1799#primaryimage\",\"url\":\"https:\\\/\\\/www.pethaus.fi\\\/wp-content\\\/uploads\\\/2026\\\/02\\\/lamurga.jpg\",\"contentUrl\":\"https:\\\/\\\/www.pethaus.fi\\\/wp-content\\\/uploads\\\/2026\\\/02\\\/lamurga.jpg\",\"width\":1638,\"height\":2048},{\"@type\":\"BreadcrumbList\",\"@id\":\"https:\\\/\\\/www.pethaus.fi\\\/?page_id=1799#breadcrumb\",\"itemListElement\":[{\"@type\":\"ListItem\",\"position\":1,\"name\":\"Etusivu\",\"item\":\"https:\\\/\\\/www.pethaus.fi\\\/\"},{\"@type\":\"ListItem\",\"position\":2,\"name\":\"13.2. La Murga, MYTKEET, Philip Holm\"}]},{\"@type\":\"WebSite\",\"@id\":\"https:\\\/\\\/www.pethaus.fi\\\/#website\",\"url\":\"https:\\\/\\\/www.pethaus.fi\\\/\",\"name\":\"Pethaus\",\"description\":\"Tamperelainen matalan kynnyksen kulttuuritila.\",\"publisher\":{\"@id\":\"https:\\\/\\\/www.pethaus.fi\\\/#organization\"},\"alternateName\":\"Tamperelainen matalan kynnyksen kulttuuritila.\",\"potentialAction\":[{\"@type\":\"SearchAction\",\"target\":{\"@type\":\"EntryPoint\",\"urlTemplate\":\"https:\\\/\\\/www.pethaus.fi\\\/?s={search_term_string}\"},\"query-input\":{\"@type\":\"PropertyValueSpecification\",\"valueRequired\":true,\"valueName\":\"search_term_string\"}}],\"inLanguage\":\"fi\"},{\"@type\":\"Organization\",\"@id\":\"https:\\\/\\\/www.pethaus.fi\\\/#organization\",\"name\":\"Pethaus\",\"url\":\"https:\\\/\\\/www.pethaus.fi\\\/\",\"logo\":{\"@type\":\"ImageObject\",\"inLanguage\":\"fi\",\"@id\":\"https:\\\/\\\/www.pethaus.fi\\\/#\\\/schema\\\/logo\\\/image\\\/\",\"url\":\"https:\\\/\\\/www.pethaus.fi\\\/wp-content\\\/uploads\\\/2024\\\/04\\\/cropped-pethaus-logo.jpg\",\"contentUrl\":\"https:\\\/\\\/www.pethaus.fi\\\/wp-content\\\/uploads\\\/2024\\\/04\\\/cropped-pethaus-logo.jpg\",\"width\":512,\"height\":512,\"caption\":\"Pethaus\"},\"image\":{\"@id\":\"https:\\\/\\\/www.pethaus.fi\\\/#\\\/schema\\\/logo\\\/image\\\/\"},\"sameAs\":[\"https:\\\/\\\/www.facebook.com\\\/p\\\/Pethaus-Ry-100091916868701\\\/\",\"https:\\\/\\\/www.instagram.com\\\/pethaus_ry\\\/?hl=fi\"]}]}<\/script>\n<!-- \/ Yoast SEO plugin. -->","yoast_head_json":{"title":"13.2. La Murga, MYTKEET, Philip Holm - Pethaus","robots":{"index":"noindex","follow":"follow"},"og_locale":"fi_FI","og_type":"article","og_title":"13.2. La Murga, MYTKEET, Philip Holm - Pethaus","og_description":"Soitot klo 19 alkaenVapaavalintainen p\u00e4\u00e4symaksu 5-15\u20ac LA MURGA La Murga on viiden perkussionistin, kolmen puhallinsoittajan ja s\u00e4hk\u00f6basistin muodostama omintakeinen orkesteri, jonka musiikissa on vaikutteita mm. progesta, jazzista ja doomista. Improvisaatio ja polyrytmiikka ovat vahvasti mukana La Murgan soitossa, jonka on kuvattu olevan mm. &#8221;hyvinkin kohottavaa ja el\u00e4m\u00e4nlaatua parantavaa&#8221; sek\u00e4 \u201duudestisynnytt\u00e4v\u00e4\u00e4\u201d. Yhtye ty\u00f6st\u00e4\u00e4 parhaillaan kolmatta albumiaan ... Read more13.2. La Murga, MYTKEET, Philip Holm","og_url":"https:\/\/www.pethaus.fi\/?page_id=1799","og_site_name":"Pethaus","article_publisher":"https:\/\/www.facebook.com\/p\/Pethaus-Ry-100091916868701\/","og_image":[{"width":1638,"height":2048,"url":"https:\/\/www.pethaus.fi\/wp-content\/uploads\/2026\/02\/lamurga.jpg","type":"image\/jpeg"}],"twitter_card":"summary_large_image","twitter_misc":{"Arvioitu lukuaika":"2 minuuttia"},"schema":{"@context":"https:\/\/schema.org","@graph":[{"@type":"WebPage","@id":"https:\/\/www.pethaus.fi\/?page_id=1799","url":"https:\/\/www.pethaus.fi\/?page_id=1799","name":"13.2. La Murga, MYTKEET, Philip Holm - Pethaus","isPartOf":{"@id":"https:\/\/www.pethaus.fi\/#website"},"primaryImageOfPage":{"@id":"https:\/\/www.pethaus.fi\/?page_id=1799#primaryimage"},"image":{"@id":"https:\/\/www.pethaus.fi\/?page_id=1799#primaryimage"},"thumbnailUrl":"https:\/\/www.pethaus.fi\/wp-content\/uploads\/2026\/02\/lamurga-819x1024.jpg","datePublished":"2026-02-01T14:34:19+00:00","breadcrumb":{"@id":"https:\/\/www.pethaus.fi\/?page_id=1799#breadcrumb"},"inLanguage":"fi","potentialAction":[{"@type":"ReadAction","target":["https:\/\/www.pethaus.fi\/?page_id=1799"]}]},{"@type":"ImageObject","inLanguage":"fi","@id":"https:\/\/www.pethaus.fi\/?page_id=1799#primaryimage","url":"https:\/\/www.pethaus.fi\/wp-content\/uploads\/2026\/02\/lamurga.jpg","contentUrl":"https:\/\/www.pethaus.fi\/wp-content\/uploads\/2026\/02\/lamurga.jpg","width":1638,"height":2048},{"@type":"BreadcrumbList","@id":"https:\/\/www.pethaus.fi\/?page_id=1799#breadcrumb","itemListElement":[{"@type":"ListItem","position":1,"name":"Etusivu","item":"https:\/\/www.pethaus.fi\/"},{"@type":"ListItem","position":2,"name":"13.2. La Murga, MYTKEET, Philip Holm"}]},{"@type":"WebSite","@id":"https:\/\/www.pethaus.fi\/#website","url":"https:\/\/www.pethaus.fi\/","name":"Pethaus","description":"Tamperelainen matalan kynnyksen kulttuuritila.","publisher":{"@id":"https:\/\/www.pethaus.fi\/#organization"},"alternateName":"Tamperelainen matalan kynnyksen kulttuuritila.","potentialAction":[{"@type":"SearchAction","target":{"@type":"EntryPoint","urlTemplate":"https:\/\/www.pethaus.fi\/?s={search_term_string}"},"query-input":{"@type":"PropertyValueSpecification","valueRequired":true,"valueName":"search_term_string"}}],"inLanguage":"fi"},{"@type":"Organization","@id":"https:\/\/www.pethaus.fi\/#organization","name":"Pethaus","url":"https:\/\/www.pethaus.fi\/","logo":{"@type":"ImageObject","inLanguage":"fi","@id":"https:\/\/www.pethaus.fi\/#\/schema\/logo\/image\/","url":"https:\/\/www.pethaus.fi\/wp-content\/uploads\/2024\/04\/cropped-pethaus-logo.jpg","contentUrl":"https:\/\/www.pethaus.fi\/wp-content\/uploads\/2024\/04\/cropped-pethaus-logo.jpg","width":512,"height":512,"caption":"Pethaus"},"image":{"@id":"https:\/\/www.pethaus.fi\/#\/schema\/logo\/image\/"},"sameAs":["https:\/\/www.facebook.com\/p\/Pethaus-Ry-100091916868701\/","https:\/\/www.instagram.com\/pethaus_ry\/?hl=fi"]}]}},"jetpack_sharing_enabled":true,"_links":{"self":[{"href":"https:\/\/www.pethaus.fi\/index.php?rest_route=\/wp\/v2\/pages\/1799","targetHints":{"allow":["GET"]}}],"collection":[{"href":"https:\/\/www.pethaus.fi\/index.php?rest_route=\/wp\/v2\/pages"}],"about":[{"href":"https:\/\/www.pethaus.fi\/index.php?rest_route=\/wp\/v2\/types\/page"}],"author":[{"embeddable":true,"href":"https:\/\/www.pethaus.fi\/index.php?rest_route=\/wp\/v2\/users\/1"}],"replies":[{"embeddable":true,"href":"https:\/\/www.pethaus.fi\/index.php?rest_route=%2Fwp%2Fv2%2Fcomments&post=1799"}],"version-history":[{"count":1,"href":"https:\/\/www.pethaus.fi\/index.php?rest_route=\/wp\/v2\/pages\/1799\/revisions"}],"predecessor-version":[{"id":1801,"href":"https:\/\/www.pethaus.fi\/index.php?rest_route=\/wp\/v2\/pages\/1799\/revisions\/1801"}],"wp:attachment":[{"href":"https:\/\/www.pethaus.fi\/index.php?rest_route=%2Fwp%2Fv2%2Fmedia&parent=1799"}],"curies":[{"name":"wp","href":"https:\/\/api.w.org\/{rel}","templated":true}]}}