{"id":1983,"date":"2026-04-28T16:44:29","date_gmt":"2026-04-28T16:44:29","guid":{"rendered":"https:\/\/www.pethaus.fi\/?page_id=1983"},"modified":"2026-04-28T16:44:31","modified_gmt":"2026-04-28T16:44:31","slug":"2-5-sound-cluster-research-nolla","status":"publish","type":"page","link":"https:\/\/www.pethaus.fi\/?page_id=1983","title":{"rendered":"2.5. Sound Cluster Research, Nolla"},"content":{"rendered":"\n<figure class=\"wp-block-image size-large\"><img fetchpriority=\"high\" decoding=\"async\" width=\"731\" height=\"1024\" src=\"https:\/\/www.pethaus.fi\/wp-content\/uploads\/2026\/04\/sound-research-731x1024.jpg\" alt=\"\" class=\"wp-image-1984\" srcset=\"https:\/\/www.pethaus.fi\/wp-content\/uploads\/2026\/04\/sound-research-731x1024.jpg 731w, https:\/\/www.pethaus.fi\/wp-content\/uploads\/2026\/04\/sound-research-214x300.jpg 214w, https:\/\/www.pethaus.fi\/wp-content\/uploads\/2026\/04\/sound-research-768x1075.jpg 768w, https:\/\/www.pethaus.fi\/wp-content\/uploads\/2026\/04\/sound-research-1097x1536.jpg 1097w, https:\/\/www.pethaus.fi\/wp-content\/uploads\/2026\/04\/sound-research.jpg 1462w\" sizes=\"(max-width: 731px) 100vw, 731px\" \/><\/figure>\n\n\n\n<p>Sound Cluster Research is a jazz trio featuring Henri Ij\u00e4s, Otto Juutilainen, and Valtteri Paakkari, whose style is rooted in free improvisation. The synergy between the piano, saxophone, and drums creates a sound mass with intense rhythms that soars to great heights.<\/p>\n\n\n\n<p>Henri Ij\u00e4s \u2013 Saksofonit<br>Otto Juutilainen \u2013 Piano ja kosketinsoittimet<br>Valtteri Paakkari \u2013 Rummut<\/p>\n\n\n\n<p>Nolla<\/p>\n\n\n\n<p>Vuonna 2019 perustettu Nolla soittaa improvisoitua space rockia, modernilla n\u00e4kemyksell\u00e4. Ei psykedeelisiss\u00e4 v\u00e4reiss\u00e4 70-luvun pastissina vaan pime\u00e4n metalli- ja lasiaavikon maisemissa, silti l\u00e4mmin ihmissyd\u00e4n sykkien.<\/p>\n\n\n\n<p>Ilkka Vekka &#8211; Basso<br>Ohto Pallas &#8211; Rummut<br>Teemu Vilmunen &#8211; Kitara<br>Otto Juutilainen &#8211; Kosketinsoittimet<\/p>\n\n\n\n<p>Soitot alkaen 19.30<br>Vapaaehtoinen artistikolehti (5-15e)<\/p>\n","protected":false},"excerpt":{"rendered":"<p>Sound Cluster Research is a jazz trio featuring Henri Ij\u00e4s, Otto Juutilainen, and Valtteri Paakkari, whose style is rooted in free improvisation. The synergy between the piano, saxophone, and drums creates a sound mass with intense rhythms that soars to great heights. Henri Ij\u00e4s \u2013 SaksofonitOtto Juutilainen \u2013 Piano ja kosketinsoittimetValtteri Paakkari \u2013 Rummut Nolla &#8230; <a title=\"2.5. Sound Cluster Research, Nolla\" class=\"read-more\" href=\"https:\/\/www.pethaus.fi\/?page_id=1983\">Read more<span class=\"screen-reader-text\">2.5. Sound Cluster Research, Nolla<\/span><\/a><\/p>\n","protected":false},"author":1,"featured_media":0,"parent":0,"menu_order":0,"comment_status":"closed","ping_status":"closed","template":"","meta":{"footnotes":""},"class_list":["post-1983","page","type-page","status-publish"],"yoast_head":"<!-- This site is optimized with the Yoast SEO plugin v27.5 - https:\/\/yoast.com\/product\/yoast-seo-wordpress\/ -->\n<title>2.5. Sound Cluster Research, Nolla - Pethaus<\/title>\n<meta name=\"robots\" content=\"noindex, follow\" \/>\n<meta property=\"og:locale\" content=\"fi_FI\" \/>\n<meta property=\"og:type\" content=\"article\" \/>\n<meta property=\"og:title\" content=\"2.5. Sound Cluster Research, Nolla - Pethaus\" \/>\n<meta property=\"og:description\" content=\"Sound Cluster Research is a jazz trio featuring Henri Ij\u00e4s, Otto Juutilainen, and Valtteri Paakkari, whose style is rooted in free improvisation. The synergy between the piano, saxophone, and drums creates a sound mass with intense rhythms that soars to great heights. Henri Ij\u00e4s \u2013 SaksofonitOtto Juutilainen \u2013 Piano ja kosketinsoittimetValtteri Paakkari \u2013 Rummut Nolla ... Read more2.5. Sound Cluster Research, Nolla\" \/>\n<meta property=\"og:url\" content=\"https:\/\/www.pethaus.fi\/?page_id=1983\" \/>\n<meta property=\"og:site_name\" content=\"Pethaus\" \/>\n<meta property=\"article:publisher\" content=\"https:\/\/www.facebook.com\/p\/Pethaus-Ry-100091916868701\/\" \/>\n<meta property=\"article:modified_time\" content=\"2026-04-28T16:44:31+00:00\" \/>\n<meta property=\"og:image\" content=\"https:\/\/www.pethaus.fi\/wp-content\/uploads\/2026\/04\/sound-research.jpg\" \/>\n\t<meta property=\"og:image:width\" content=\"1462\" \/>\n\t<meta property=\"og:image:height\" content=\"2047\" \/>\n\t<meta property=\"og:image:type\" content=\"image\/jpeg\" \/>\n<meta name=\"twitter:card\" content=\"summary_large_image\" \/>\n<meta name=\"twitter:label1\" content=\"Arvioitu lukuaika\" \/>\n\t<meta name=\"twitter:data1\" content=\"1 minuutti\" \/>\n<script type=\"application\/ld+json\" class=\"yoast-schema-graph\">{\"@context\":\"https:\\\/\\\/schema.org\",\"@graph\":[{\"@type\":\"WebPage\",\"@id\":\"https:\\\/\\\/www.pethaus.fi\\\/?page_id=1983\",\"url\":\"https:\\\/\\\/www.pethaus.fi\\\/?page_id=1983\",\"name\":\"2.5. Sound Cluster Research, Nolla - Pethaus\",\"isPartOf\":{\"@id\":\"https:\\\/\\\/www.pethaus.fi\\\/#website\"},\"primaryImageOfPage\":{\"@id\":\"https:\\\/\\\/www.pethaus.fi\\\/?page_id=1983#primaryimage\"},\"image\":{\"@id\":\"https:\\\/\\\/www.pethaus.fi\\\/?page_id=1983#primaryimage\"},\"thumbnailUrl\":\"https:\\\/\\\/www.pethaus.fi\\\/wp-content\\\/uploads\\\/2026\\\/04\\\/sound-research-731x1024.jpg\",\"datePublished\":\"2026-04-28T16:44:29+00:00\",\"dateModified\":\"2026-04-28T16:44:31+00:00\",\"breadcrumb\":{\"@id\":\"https:\\\/\\\/www.pethaus.fi\\\/?page_id=1983#breadcrumb\"},\"inLanguage\":\"fi\",\"potentialAction\":[{\"@type\":\"ReadAction\",\"target\":[\"https:\\\/\\\/www.pethaus.fi\\\/?page_id=1983\"]}]},{\"@type\":\"ImageObject\",\"inLanguage\":\"fi\",\"@id\":\"https:\\\/\\\/www.pethaus.fi\\\/?page_id=1983#primaryimage\",\"url\":\"https:\\\/\\\/www.pethaus.fi\\\/wp-content\\\/uploads\\\/2026\\\/04\\\/sound-research.jpg\",\"contentUrl\":\"https:\\\/\\\/www.pethaus.fi\\\/wp-content\\\/uploads\\\/2026\\\/04\\\/sound-research.jpg\",\"width\":1462,\"height\":2047},{\"@type\":\"BreadcrumbList\",\"@id\":\"https:\\\/\\\/www.pethaus.fi\\\/?page_id=1983#breadcrumb\",\"itemListElement\":[{\"@type\":\"ListItem\",\"position\":1,\"name\":\"Etusivu\",\"item\":\"https:\\\/\\\/www.pethaus.fi\\\/\"},{\"@type\":\"ListItem\",\"position\":2,\"name\":\"2.5. Sound Cluster Research, Nolla\"}]},{\"@type\":\"WebSite\",\"@id\":\"https:\\\/\\\/www.pethaus.fi\\\/#website\",\"url\":\"https:\\\/\\\/www.pethaus.fi\\\/\",\"name\":\"Pethaus\",\"description\":\"Tamperelainen matalan kynnyksen kulttuuritila.\",\"publisher\":{\"@id\":\"https:\\\/\\\/www.pethaus.fi\\\/#organization\"},\"alternateName\":\"Tamperelainen matalan kynnyksen kulttuuritila.\",\"potentialAction\":[{\"@type\":\"SearchAction\",\"target\":{\"@type\":\"EntryPoint\",\"urlTemplate\":\"https:\\\/\\\/www.pethaus.fi\\\/?s={search_term_string}\"},\"query-input\":{\"@type\":\"PropertyValueSpecification\",\"valueRequired\":true,\"valueName\":\"search_term_string\"}}],\"inLanguage\":\"fi\"},{\"@type\":\"Organization\",\"@id\":\"https:\\\/\\\/www.pethaus.fi\\\/#organization\",\"name\":\"Pethaus\",\"url\":\"https:\\\/\\\/www.pethaus.fi\\\/\",\"logo\":{\"@type\":\"ImageObject\",\"inLanguage\":\"fi\",\"@id\":\"https:\\\/\\\/www.pethaus.fi\\\/#\\\/schema\\\/logo\\\/image\\\/\",\"url\":\"https:\\\/\\\/www.pethaus.fi\\\/wp-content\\\/uploads\\\/2024\\\/04\\\/cropped-pethaus-logo.jpg\",\"contentUrl\":\"https:\\\/\\\/www.pethaus.fi\\\/wp-content\\\/uploads\\\/2024\\\/04\\\/cropped-pethaus-logo.jpg\",\"width\":512,\"height\":512,\"caption\":\"Pethaus\"},\"image\":{\"@id\":\"https:\\\/\\\/www.pethaus.fi\\\/#\\\/schema\\\/logo\\\/image\\\/\"},\"sameAs\":[\"https:\\\/\\\/www.facebook.com\\\/p\\\/Pethaus-Ry-100091916868701\\\/\",\"https:\\\/\\\/www.instagram.com\\\/pethaus_ry\\\/?hl=fi\"]}]}<\/script>\n<!-- \/ Yoast SEO plugin. -->","yoast_head_json":{"title":"2.5. Sound Cluster Research, Nolla - Pethaus","robots":{"index":"noindex","follow":"follow"},"og_locale":"fi_FI","og_type":"article","og_title":"2.5. Sound Cluster Research, Nolla - Pethaus","og_description":"Sound Cluster Research is a jazz trio featuring Henri Ij\u00e4s, Otto Juutilainen, and Valtteri Paakkari, whose style is rooted in free improvisation. The synergy between the piano, saxophone, and drums creates a sound mass with intense rhythms that soars to great heights. Henri Ij\u00e4s \u2013 SaksofonitOtto Juutilainen \u2013 Piano ja kosketinsoittimetValtteri Paakkari \u2013 Rummut Nolla ... Read more2.5. Sound Cluster Research, Nolla","og_url":"https:\/\/www.pethaus.fi\/?page_id=1983","og_site_name":"Pethaus","article_publisher":"https:\/\/www.facebook.com\/p\/Pethaus-Ry-100091916868701\/","article_modified_time":"2026-04-28T16:44:31+00:00","og_image":[{"width":1462,"height":2047,"url":"https:\/\/www.pethaus.fi\/wp-content\/uploads\/2026\/04\/sound-research.jpg","type":"image\/jpeg"}],"twitter_card":"summary_large_image","twitter_misc":{"Arvioitu lukuaika":"1 minuutti"},"schema":{"@context":"https:\/\/schema.org","@graph":[{"@type":"WebPage","@id":"https:\/\/www.pethaus.fi\/?page_id=1983","url":"https:\/\/www.pethaus.fi\/?page_id=1983","name":"2.5. Sound Cluster Research, Nolla - Pethaus","isPartOf":{"@id":"https:\/\/www.pethaus.fi\/#website"},"primaryImageOfPage":{"@id":"https:\/\/www.pethaus.fi\/?page_id=1983#primaryimage"},"image":{"@id":"https:\/\/www.pethaus.fi\/?page_id=1983#primaryimage"},"thumbnailUrl":"https:\/\/www.pethaus.fi\/wp-content\/uploads\/2026\/04\/sound-research-731x1024.jpg","datePublished":"2026-04-28T16:44:29+00:00","dateModified":"2026-04-28T16:44:31+00:00","breadcrumb":{"@id":"https:\/\/www.pethaus.fi\/?page_id=1983#breadcrumb"},"inLanguage":"fi","potentialAction":[{"@type":"ReadAction","target":["https:\/\/www.pethaus.fi\/?page_id=1983"]}]},{"@type":"ImageObject","inLanguage":"fi","@id":"https:\/\/www.pethaus.fi\/?page_id=1983#primaryimage","url":"https:\/\/www.pethaus.fi\/wp-content\/uploads\/2026\/04\/sound-research.jpg","contentUrl":"https:\/\/www.pethaus.fi\/wp-content\/uploads\/2026\/04\/sound-research.jpg","width":1462,"height":2047},{"@type":"BreadcrumbList","@id":"https:\/\/www.pethaus.fi\/?page_id=1983#breadcrumb","itemListElement":[{"@type":"ListItem","position":1,"name":"Etusivu","item":"https:\/\/www.pethaus.fi\/"},{"@type":"ListItem","position":2,"name":"2.5. Sound Cluster Research, Nolla"}]},{"@type":"WebSite","@id":"https:\/\/www.pethaus.fi\/#website","url":"https:\/\/www.pethaus.fi\/","name":"Pethaus","description":"Tamperelainen matalan kynnyksen kulttuuritila.","publisher":{"@id":"https:\/\/www.pethaus.fi\/#organization"},"alternateName":"Tamperelainen matalan kynnyksen kulttuuritila.","potentialAction":[{"@type":"SearchAction","target":{"@type":"EntryPoint","urlTemplate":"https:\/\/www.pethaus.fi\/?s={search_term_string}"},"query-input":{"@type":"PropertyValueSpecification","valueRequired":true,"valueName":"search_term_string"}}],"inLanguage":"fi"},{"@type":"Organization","@id":"https:\/\/www.pethaus.fi\/#organization","name":"Pethaus","url":"https:\/\/www.pethaus.fi\/","logo":{"@type":"ImageObject","inLanguage":"fi","@id":"https:\/\/www.pethaus.fi\/#\/schema\/logo\/image\/","url":"https:\/\/www.pethaus.fi\/wp-content\/uploads\/2024\/04\/cropped-pethaus-logo.jpg","contentUrl":"https:\/\/www.pethaus.fi\/wp-content\/uploads\/2024\/04\/cropped-pethaus-logo.jpg","width":512,"height":512,"caption":"Pethaus"},"image":{"@id":"https:\/\/www.pethaus.fi\/#\/schema\/logo\/image\/"},"sameAs":["https:\/\/www.facebook.com\/p\/Pethaus-Ry-100091916868701\/","https:\/\/www.instagram.com\/pethaus_ry\/?hl=fi"]}]}},"jetpack_sharing_enabled":true,"_links":{"self":[{"href":"https:\/\/www.pethaus.fi\/index.php?rest_route=\/wp\/v2\/pages\/1983","targetHints":{"allow":["GET"]}}],"collection":[{"href":"https:\/\/www.pethaus.fi\/index.php?rest_route=\/wp\/v2\/pages"}],"about":[{"href":"https:\/\/www.pethaus.fi\/index.php?rest_route=\/wp\/v2\/types\/page"}],"author":[{"embeddable":true,"href":"https:\/\/www.pethaus.fi\/index.php?rest_route=\/wp\/v2\/users\/1"}],"replies":[{"embeddable":true,"href":"https:\/\/www.pethaus.fi\/index.php?rest_route=%2Fwp%2Fv2%2Fcomments&post=1983"}],"version-history":[{"count":1,"href":"https:\/\/www.pethaus.fi\/index.php?rest_route=\/wp\/v2\/pages\/1983\/revisions"}],"predecessor-version":[{"id":1985,"href":"https:\/\/www.pethaus.fi\/index.php?rest_route=\/wp\/v2\/pages\/1983\/revisions\/1985"}],"wp:attachment":[{"href":"https:\/\/www.pethaus.fi\/index.php?rest_route=%2Fwp%2Fv2%2Fmedia&parent=1983"}],"curies":[{"name":"wp","href":"https:\/\/api.w.org\/{rel}","templated":true}]}}